 m(0).
-2
Let i(v) = 3*v**2 + 29*v + 64. Give i(-12).
148
Let s(y) = 3099*y + 18597. Give s(-6).
3
Let m(g) = -271*g - 269. Determine m(-1).
2
Let a(f) = -5*f - 79. Give a(3).
-94
Let h(j) = -2*j**3 - 118*j**2 - 230*j - 1. What is h(-2)?
3
Let s(c) = 10*c + 52. Calculate s(-19).
-138
Let g(s) = 2*s + 53. What is g(-35)?
-17
Let z(l) = 3*l + 85. Give z(-16).
37
Let g(i) = -4*i**2 + 41*i - 37. Calculate g(11).
-70
Let f(r) = -17*r**2 - 18*r - 39. Give f(-2).
-71
Let b(m) = 2*m**3 + 16*m**2 - 147*m - 1157. Determine b(-8).
19
Let z(d) = -d**2 + 118*d - 1973. Calculate z(20).
-13
Let z(m) = m**2 - 9*m - 1881. What is z(-38)?
-95
Let b(r) = r**2 + 6*r - 102. Give b(-14).
10
Let t(d) = 109*d + 116. Calculate t(-3).
-211
Let l(k) = -k**3 + 4*k**2 - 44*k + 157. Determine l(4).
-19
Let m(u) = u**3 + 5*u**2 - 319*u - 994. What is m(-19)?
13
Let r(s) = -116*s**2 - 202*s + 4. Calculate r(-2).
-56
Let i(l) = l**2 - 3*l - 111. What is i(-12)?
69
Let j(w) = -35*w**2 + 938*w + 180. Calculate j(27).
-9
Let o(l) = -l**2 + 46*l + 255. Give o(51).
0
Let c(y) = y**2 - 40*y + 343. Give c(10).
43
Let y(g) = -120*g - 16822. Calculate y(-141).
98
Let f(h) = -2*h**2 - 44*h + 648. Determine f(10).
8
Let r(m) = -21*m - 9. Calculate r(58).
-1227
Let y(b) = -2*b**3 + 38*b**2 + 45*b - 5. Calculate y(20).
95
Let x(p) = 3089*p - 24680. Give x(8).
32
Let c(s) = -36*s + 1137. Calculate c(32).
-15
Let c(a) = 2*a**2 + 82*a + 247. Determine c(-38).
19
Let q(c) = -c**3 + 108*c**2 - 966*c - 1380. Calculate q(98).
-8
Let l(f) = -6*f - 494. Give l(-82).
-2
Let a(x) = 1710*x - 71819. What is a(42)?
1
Let k(h) = h**2 - 383*h - 2349. What is k(-6)?
-15
Let r(a) = a**2 - 33*a - 23. Calculate r(34).
11
Let q(b) = -b**2 + 981*b + 2950. Give q(-3).
-2
Let r(x) = -2*x**3 + 13*x**2 - 5*x + 195. Give r(10).
-555
Let x(h) = 220*h - 4863. Determine x(22).
-23
Let a(l) = 5398*l - 54008. What is a(10)?
-28
Let g(b) = -b**2 + 32*b - 250. Determine g(13).
-3
Let s(k) = 539*k - 72223. Calculate s(134).
3
Let y(a) = -a**3 + 122*a**2 + 375*a + 4. Calculate y(125).
4
Let j(i) = -480*i**2 + 2400*i - 13. Determine j(5).
-13
Let u(h) = 5*h**3 + 8*h**2 - 59*h - 188. What is u(-3)?
-74
Let p(o) = -2*o**3 - 128*o**2 - 1533*o + 38. Calculate p(-16).
-10
Let v(n) = 3*n**3 - 5*n**2 + 408*n - 804. Calculate v(2).
16
Let p(y) = -2*y**3 - 158*y**2 + 155*y - 402. Calculate p(-80).
-2
Let p(q) = q**3 + 54*q**2 - 171*q + 112. Give p(-57).
112
Let u(w) = 478*w - 53539. What is u(112)?
-3
Let h(o) = -2*o**2 - 15*o + 89. What is h(5)?
-36
Let n(g) = g**2 + 4*g - 132. Calculate n(-24).
348
Let g(f) = 876*f - 900. Determine g(1).
-24
Let w(a) = -a**2 - 5393*a + 48623. What is w(9)?
5
Let k(c) = 281*c - 263. What is k(1)?
18
Let y(m) = m**2 + 47*m + 370. Give y(-10).
0
Let g(r) = r**3 + 247*r**2 - 1501*r + 4298. What is g(-253)?
-3
Let i(p) = p**3 + 17*p**2 - 306*p + 79. What is i(-28)?
23
Let i(b) = 6670*b - 126731. Determine i(19).
-1
Let c(w) = -5*w**2 + 478*w - 8252. Calculate c(73).
-3
Let p(v) = -71*v - 163. Give p(-2).
-21
Let u(h) = -86*h**2 - 88*h + 86. Calculate u(1).
-88
Let o(f) = -116*f - 208. Determine o(-2).
24
Let y(w) = 18*w**2 + 17*w - 31. Calculate y(2).
75
Let h(u) = u**3 - 80*u**2 - 897*u - 271. Calculate h(90).
-1
Let t(l) = -431*l + 9043. Give t(21).
-8
Let n(f) = 25*f**2 - 13*f - 18. Determine n(4).
330
Let h(p) = -10*p + 61. Give h(-5).
111
Let x(u) = -10*u**2 + 539*u + 2374. Give x(58).
-4
Let t(j) = j**2 + 192*j + 2643. Calculate t(-177).
-12
Let n(l) = 5*l**2 + 8*l - 68. Determine n(6).
160
Let g(p) = -7*p**2 + 199*p + 127. Calculate g(29).
11
Let l(n) = -746*n - 36550. Calculate l(-49).
4
Let c(x) = 5436*x - 135905. Determine c(25).
-5
Let j(c) = 36*c - 1456. Determine j(42).
56
Let v(d) = d**2 - 305*d - 930. Calculate v(-3).
-6
Let t(w) = 13*w**2 - 127*w - 13. Determine t(9).
-103
Let i(y) = 20*y**2 - 3*y + 11. What is i(5)?
496
Let u(x) = -64*x - 209. Calculate u(-5).
111
Let m(n) = n**2 - 17*n + 102. Calculate m(6).
36
Let x(w) = -16*w**3 + w**2 + 4. Give x(-2).
136
Let u(f) = -2*f**3 + 94*f**2 - 111*f + 922. Give u(46).
48
Let w(v) = -3*v**2 - 39*v + 81. What is w(2)?
-9
Let q(y) = 3*y**3 + 48*y**2 - 8*y + 5. What is q(-16)?
133
Let t(r) = r**3 - 68*r**2 - 89*r - 3538. Give t(70).
32
Let n(j) = -j**3 + 13*j**2 - 26*j + 28. Give n(7).
140
Let f(d) = 2291*d - 4675. Calculate f(2).
-93
Let z(g) = -136*g + 3881. What is z(26)?
345
Let d(q) = 9*q**2 - 73*q - 160. Determine d(-2).
22
Let c(m) = -m**3 - 39*m**2 - 30*m + 325. Calculate c(-38).
21
Let m(p) = 65*p**2 - 2*p + 3. Calculate m(-1).
70
Let w(u) = -24*u - 110. Calculate w(-7).
58
Let s(x) = -11*x**3 + 7*x**2 + 5*x + 1. What is s(-2)?
107
Let v(j) = 38*j + 19. Give v(4).
171
Let p(v) = -v**3 + 11*v**2 + 5*v + 33. Give p(12).
-51
Let p(i) = -i**3 - 22*i**2 - 9*i + 247. Calculate p(-21).
-5
Let m(t) = -12*t**2 + 116*t - 3. Calculate m(11).
-179
Let x(c) = -c**3 + 74*c**2 + 75*c + 58. Calculate x(75).
58
Let y(l) = l**3 - 2*l**2 + 203. Calculate y(0).
203
Let c(s) = -s**2 + 13*s + 270. Determine c(21).
102
Let a(z) = -z**3 - 47*z**2 + 57*z + 227. Calculate a(-48).
-205
Let d(m) = 676*m + 6768. What is d(-10)?
8
Let n(w) = 9*w**3 - 224*w**2 - 38*w + 392. What is n(25)?
67
Let l(g) = -41*g**3 - 164*g**2 + 7*g + 25. Calculate l(-4).
-3
Let x(l) = -2*l**2 - 143*l + 223. What is x(-73)?
4
Let s(b) = 8*b - 71. Determine s(14).
41
Let o(r) = 2*r**2 - 115*r + 1468. What is o(38)?
-14
Let s(u) = -11*u**2 - 18. Calculate s(-4).
-194
Let g(j) = j**3 + 9*j**2 - 122*j - 70. Give g(8).
42
Let m(c) = -85*c**2 - 15*c - 63. Determine m(-2).
-373
Let y(m) = -18*m + 928. Determine y(51).
10
Let x(o) = -578*o + 102855. Give x(178).
-29
Let g(f) = 536*f + 1488. Calculate g(-3).
-120
Let f(j) = -36*j - 1069. Give f(-32).
83
Let l(j) = 15*j + 189. Give l(-11).
24
Let p(c) = -19*c - 1574. Determine p(-83).
3
Let s(t) = 3626*t - 36267. Give s(10).
-7
Let s(f) = f**2 - 10*f - 91. What is s(-8)?
53
Let h(p) = -p**3 + 30*p**2 + 218*p + 3. Calculate h(-6).
-9
Let q(v) = 133*v**2 - 945*v - 14. Give q(7).
-112
Let q(z) = 11*z**2 - 72*z + 269. What is q(4)?
157
Let v(h) = -h**3 - 18*h**2 - 23*h - 141. Determine v(-17).
-39
Let s(z) = -2*z**2 + 22*z + 147. Give s(16).
-13
Let l(h) = -31*h - 589. Calculate l(-19).
0
Let p(m) = -352*m - 3895. What is p(-11)?
-23
Let j(i) = 19*i - 16. Determine j(5).
79
Let x(s) = -2*s**3 + 21*s**2 - 6*s - 23. Determine x(11).
-210
Let u(f) = -f**3 - f**2 - 22*f - 426. Determine u(-7).
22
Let m(x) = -x**3 + 71*x**2 + 147*x - 99. Determine m(73).
-26
Let v(l) = 38*l + 645. What is v(-19)?
-77
Let w(j) = -3*j**2 + j + 8. Calculate w(6).
-94
Let c(j) = -34*j - 3043. What is c(-90)?
17
Let w(s) = 2*s**3 + 59*s**2 - 5*s + 45. Determine w(-30).
-705
Let m(j) = j**3 - 9*j**2 - 39*j + 272. Give m(10).
-18
Let v(d) = -54*d**2 + 446*d + 935. Calculate v(10).
-5
Let l(u) = 8*u**2 + 153*u + 38. Give l(-19).
19
Let w(d) = 70*d + 230. Determine w(-4).
-50
Let f(b) = -7*b**2 - 356*b - 3623. What is f(-14)?
-11
Let f(l) = 2*l**2 - 17*l + 43. What is f(7)?
22
Let l(z) = -364*z - 3. Give l(2).
-731
Let t(a) = 17*a - 71. Determine t(7).
48
Let d(n) = 358*n + 4290. Give d(-12).
-6
Let r(l) = -224*l + 2888. Determine r(13).
-24
Let z(j) = -j**3 + 8*j**2 + 21*j + 13. Determine z(-3).
49
Let x(r) = -21*r - 134. Determine x(-4).
-50
Let q(z) = -116*z - 8471. Calculate q(-73).
-3
Let q(u) = 105*u + 244. Give q(-2).
34
Let d(h) = -36*h - 2065. Give d(-43).
-517
Let s(a) = 85*a - 211. What is s(2)?
-41
Let d(k) = -3*k**2 + 138*k - 438. Determine d(4).
66
Let f(k) = -k**3 + 71*k**2 + 2*k - 136. Determine f(71).
6
Let m(a) = 80*a + 8621. Give m(-108).
-19
Let f(n) = 77*n**2 + 122*n - 122. Calculate f(1).
77
Let w(u) = 8*u**2 + 964*u + 342. What is w(-120)?
-138
Let p(t) = -10*t - 289. Give p(-31).
21
Let x(g) = 92*g - 5531. Determine x(62).
173
Let q(o) = -o**3 + 62*o**2 - 936*o + 18. Calculate q(26).
18
Let g(y) = -6*y**2 - 369*y + 181. What is g(-62)?
-5
Let k(i) = i**3 - 7*i**2 - 16*i - 21. Calculate k(9).
-3
Let s(z) = 22*z - 176. Give s(8).
0
Let q(p) = 15*p**2 + 336*p + 26. What is q(-22)?
-106
Let y(u) = 224*u**2 + u - 1. What is y(-1)?
222
Let k(j) = -3*j**2 - 26*j + 984. Calculate k(-23).
-5
Let d(x) = 2*x**3 - 4*x**2 - 45*x + 175. Give d(6).
193
Let y(q) = q**3